{"id":983,"date":"2020-10-26T22:18:00","date_gmt":"2020-10-26T21:18:00","guid":{"rendered":"https:\/\/eszkolenia.eduedukacja.pl\/sklep\/?post_type=product&#038;p=983"},"modified":"2020-10-26T22:20:12","modified_gmt":"2020-10-26T21:20:12","slug":"jak-efektywnie-i-skutecznie-pracowac-z-kamera-czyli-jak-pracowac-zdalnie-prowadzac-zajecia-szkolenia-spotkania-oraz-inne-formy-pracy-zdalnej","status":"publish","type":"product","link":"https:\/\/eszkolenia.eduedukacja.pl\/sklep\/produkt\/jak-efektywnie-i-skutecznie-pracowac-z-kamera-czyli-jak-pracowac-zdalnie-prowadzac-zajecia-szkolenia-spotkania-oraz-inne-formy-pracy-zdalnej\/","title":{"rendered":"Jak efektywnie i skutecznie pracowa\u0107 z kamer\u0105, czyli jak pracowa\u0107 zdalnie prowadz\u0105c zaj\u0119cia, szkolenia, spotkania oraz inne formy pracy zdalnej?"},"content":{"rendered":"","protected":false},"excerpt":{"rendered":"","protected":false},"featured_media":984,"template":"","meta":[],"product_cat":[68],"product_tag":[],"acf":[],"_links":{"self":[{"href":"https:\/\/eszkolenia.eduedukacja.pl\/sklep\/wp-json\/wp\/v2\/product\/983"}],"collection":[{"href":"https:\/\/eszkolenia.eduedukacja.pl\/sklep\/wp-json\/wp\/v2\/product"}],"about":[{"href":"https:\/\/eszkolenia.eduedukacja.pl\/sklep\/wp-json\/wp\/v2\/types\/product"}],"wp:featuredmedia":[{"embeddable":true,"href":"https:\/\/eszkolenia.eduedukacja.pl\/sklep\/wp-json\/wp\/v2\/media\/984"}],"wp:attachment":[{"href":"https:\/\/eszkolenia.eduedukacja.pl\/sklep\/wp-json\/wp\/v2\/media?parent=983"}],"wp:term":[{"taxonomy":"product_cat","embeddable":true,"href":"https:\/\/eszkolenia.eduedukacja.pl\/sklep\/wp-json\/wp\/v2\/product_cat?post=983"},{"taxonomy":"product_tag","embeddable":true,"href":"https:\/\/eszkolenia.eduedukacja.pl\/sklep\/wp-json\/wp\/v2\/product_tag?post=983"}],"curies":[{"name":"wp","href":"https:\/\/api.w.org\/{rel}","templated":true}]}}